{"id":60,"date":"2021-04-17T05:45:20","date_gmt":"2021-04-17T02:45:20","guid":{"rendered":"https:\/\/www.lotanhierontakeskus.fi\/?page_id=60"},"modified":"2024-04-19T03:42:30","modified_gmt":"2024-04-19T00:42:30","slug":"lahjaksi","status":"publish","type":"page","link":"https:\/\/www.lotanhierontakeskus.fi\/?page_id=60","title":{"rendered":"Lahjaksi"},"content":{"rendered":"\n<p>Muista t\u00e4rke\u00e4\u00e4 ihmist\u00e4 lahjakortilla.<\/p>\n\n\n\n<p>Voit valita lahjakortin arvon vapaasti.<br>Lahjakortti toimitetaan s\u00e4hk\u00f6postitse, tarvittaessa my\u00f6s paperinen lahjakortti on saatavissa.<br>Voimassa kaksi vuotta ostohetkest\u00e4.<br><br>Tilaus onnistuu helpoiten s\u00e4hk\u00f6postitse, info@lotanhierontakeskus.fi.<br>Kerro viestiss\u00e4 kumman lahjakorttipohjan valitset sek\u00e4 haluamasi arvo.<br>Maksu tapahtuu tilisiirrolla tai Mobilepaylla.<br><\/p>\n\n\n\n<div class=\"wp-block-columns is-layout-flex wp-container-core-columns-is-layout-9d6595d7 wp-block-columns-is-layout-flex\">\n<div class=\"wp-block-column is-vertically-aligned-center is-layout-flow wp-block-column-is-layout-flow\" style=\"flex-basis:100%\">\n<p class=\"has-text-align-center\"><img fetchpriority=\"high\" decoding=\"async\" width=\"300\" height=\"200\" class=\"wp-image-434\" style=\"width: 300px;\" src=\"https:\/\/www.lotanhierontakeskus.fi\/wp-content\/uploads\/2021\/07\/LK1-3.png\" alt=\"\" srcset=\"https:\/\/www.lotanhierontakeskus.fi\/wp-content\/uploads\/2021\/07\/LK1-3.png 1800w, https:\/\/www.lotanhierontakeskus.fi\/wp-content\/uploads\/2021\/07\/LK1-3-300x200.png 300w, https:\/\/www.lotanhierontakeskus.fi\/wp-content\/uploads\/2021\/07\/LK1-3-1024x683.png 1024w, https:\/\/www.lotanhierontakeskus.fi\/wp-content\/uploads\/2021\/07\/LK1-3-768x512.png 768w, https:\/\/www.lotanhierontakeskus.fi\/wp-content\/uploads\/2021\/07\/LK1-3-1536x1024.png 1536w, https:\/\/www.lotanhierontakeskus.fi\/wp-content\/uploads\/2021\/07\/LK1-3-795x530.png 795w, https:\/\/www.lotanhierontakeskus.fi\/wp-content\/uploads\/2021\/07\/LK1-3-272x182.png 272w\" sizes=\"(max-width: 300px) 100vw, 300px\" \/>   <br>LK1<\/p>\n\n\n\n<p class=\"has-text-align-center\"><img decoding=\"async\" width=\"300\" height=\"200\" class=\"wp-image-433\" style=\"width: 300px;\" src=\"https:\/\/www.lotanhierontakeskus.fi\/wp-content\/uploads\/2021\/07\/LK2-1.png\" alt=\"\" srcset=\"https:\/\/www.lotanhierontakeskus.fi\/wp-content\/uploads\/2021\/07\/LK2-1.png 1800w, https:\/\/www.lotanhierontakeskus.fi\/wp-content\/uploads\/2021\/07\/LK2-1-300x200.png 300w, https:\/\/www.lotanhierontakeskus.fi\/wp-content\/uploads\/2021\/07\/LK2-1-1024x683.png 1024w, https:\/\/www.lotanhierontakeskus.fi\/wp-content\/uploads\/2021\/07\/LK2-1-768x512.png 768w, https:\/\/www.lotanhierontakeskus.fi\/wp-content\/uploads\/2021\/07\/LK2-1-1536x1024.png 1536w, https:\/\/www.lotanhierontakeskus.fi\/wp-content\/uploads\/2021\/07\/LK2-1-795x530.png 795w, https:\/\/www.lotanhierontakeskus.fi\/wp-content\/uploads\/2021\/07\/LK2-1-272x182.png 272w\" sizes=\"(max-width: 300px) 100vw, 300px\" \/>   <br>LK2<\/p>\n<\/div>\n<\/div>\n","protected":false},"excerpt":{"rendered":"<p>Muista t\u00e4rke\u00e4\u00e4 ihmist\u00e4 lahjakortilla. Voit valita lahjakortin arvon vapaasti.Lahjakortti toimitetaan s\u00e4hk\u00f6postitse, tarvittaessa my\u00f6s paperinen lahjakortti on saatavissa.Voimassa kaksi vuotta ostohetkest\u00e4. Tilaus onnistuu helpoiten s\u00e4hk\u00f6postitse, info@lotanhierontakeskus.fi.Kerro viestiss\u00e4 kumman lahjakorttipohjan valitset sek\u00e4 haluamasi arvo.Maksu tapahtuu tilisiirrolla tai Mobilepaylla. LK1 LK2<\/p>\n","protected":false},"author":1,"featured_media":0,"parent":0,"menu_order":0,"comment_status":"closed","ping_status":"closed","template":"","meta":{"_uag_custom_page_level_css":"","footnotes":""},"class_list":["post-60","page","type-page","status-publish","hentry","nodate","item-wrap"],"uagb_featured_image_src":{"full":false,"thumbnail":false,"medium":false,"medium_large":false,"large":false,"1536x1536":false,"2048x2048":false,"graphene_slider":false,"graphene_featured_image":false,"post-thumbnail":false},"uagb_author_info":{"display_name":"Lotta","author_link":"https:\/\/www.lotanhierontakeskus.fi\/?author=1"},"uagb_comment_info":0,"uagb_excerpt":"Muista t\u00e4rke\u00e4\u00e4 ihmist\u00e4 lahjakortilla. Voit valita lahjakortin arvon vapaasti.Lahjakortti toimitetaan s\u00e4hk\u00f6postitse, tarvittaessa my\u00f6s paperinen lahjakortti on saatavissa.Voimassa kaksi vuotta ostohetkest\u00e4. Tilaus onnistuu helpoiten s\u00e4hk\u00f6postitse, info@lotanhierontakeskus.fi.Kerro viestiss\u00e4 kumman lahjakorttipohjan valitset sek\u00e4 haluamasi arvo.Maksu tapahtuu tilisiirrolla tai Mobilepaylla. LK1 LK2","_links":{"self":[{"href":"https:\/\/www.lotanhierontakeskus.fi\/index.php?rest_route=\/wp\/v2\/pages\/60","targetHints":{"allow":["GET"]}}],"collection":[{"href":"https:\/\/www.lotanhierontakeskus.fi\/index.php?rest_route=\/wp\/v2\/pages"}],"about":[{"href":"https:\/\/www.lotanhierontakeskus.fi\/index.php?rest_route=\/wp\/v2\/types\/page"}],"author":[{"embeddable":true,"href":"https:\/\/www.lotanhierontakeskus.fi\/index.php?rest_route=\/wp\/v2\/users\/1"}],"replies":[{"embeddable":true,"href":"https:\/\/www.lotanhierontakeskus.fi\/index.php?rest_route=%2Fwp%2Fv2%2Fcomments&post=60"}],"version-history":[{"count":4,"href":"https:\/\/www.lotanhierontakeskus.fi\/index.php?rest_route=\/wp\/v2\/pages\/60\/revisions"}],"predecessor-version":[{"id":556,"href":"https:\/\/www.lotanhierontakeskus.fi\/index.php?rest_route=\/wp\/v2\/pages\/60\/revisions\/556"}],"wp:attachment":[{"href":"https:\/\/www.lotanhierontakeskus.fi\/index.php?rest_route=%2Fwp%2Fv2%2Fmedia&parent=60"}],"curies":[{"name":"wp","href":"https:\/\/api.w.org\/{rel}","templated":true}]}}