{"id":54,"date":"2021-04-17T05:39:42","date_gmt":"2021-04-17T02:39:42","guid":{"rendered":"https:\/\/www.lotanhierontakeskus.fi\/?page_id=54"},"modified":"2025-11-16T18:35:54","modified_gmt":"2025-11-16T16:35:54","slug":"palvelumme","status":"publish","type":"page","link":"https:\/\/www.lotanhierontakeskus.fi\/?page_id=54","title":{"rendered":"Hinnasto"},"content":{"rendered":"\n<p>Vilkaise my\u00f6s <a href=\"https:\/\/www.lotanhierontakeskus.fi\/?page_id=442\" data-type=\"URL\" data-id=\"https:\/\/www.lotanhierontakeskus.fi\/?page_id=442\">hierontapaketit<\/a> ja s\u00e4\u00e4st\u00e4 ostamalla useampi hieronta kerralla!<\/p>\n\n\n\n<p>Jos mieleesi tulee jotain kysytt\u00e4v\u00e4\u00e4, ota rohkeasti yhteytt\u00e4. <\/p>\n\n\n\n<div class=\"wp-block-columns is-layout-flex wp-container-core-columns-is-layout-9d6595d7 wp-block-columns-is-layout-flex\">\n<div class=\"wp-block-column is-vertically-aligned-top is-layout-flow wp-block-column-is-layout-flow\">\n<div class=\"wp-block-group\"><div class=\"wp-block-group__inner-container is-layout-flow wp-block-group-is-layout-flow\">\n<h3 class=\"wp-block-heading\">Hieronta<\/h3>\n\n\n\n<p>30 min &#8230;&#8230;&#8230;&#8230;&#8230;&#8230;.. 35\u20ac<\/p>\n<\/div><\/div>\n\n\n\n<p>45min &#8230;&#8230;&#8230;&#8230;&#8230;&#8230;&#8230; 47\u20ac<\/p>\n\n\n\n<p>60min &#8230;&#8230;&#8230;&#8230;&#8230;&#8230;&#8230; 59\u20ac<\/p>\n\n\n\n<p>75min &#8230;&#8230;&#8230;&#8230;&#8230;&#8230;&#8230; 72\u20ac<\/p>\n\n\n\n<p>90min &#8230;&#8230;&#8230;&#8230;&#8230;&#8230;&#8230; 84\u20ac<\/p>\n<\/div>\n<\/div>\n\n\n\n<div class=\"wp-block-columns is-layout-flex wp-container-core-columns-is-layout-9d6595d7 wp-block-columns-is-layout-flex\">\n<div class=\"wp-block-column is-vertically-aligned-bottom is-layout-flow wp-block-column-is-layout-flow\">\n<h3 class=\"wp-block-heading\">Raskausajan hieronta<\/h3>\n\n\n\n<p>Hieronnassa voi k\u00e4yd\u00e4 koko raskauden ajan.<\/p>\n\n\n\n<p>30 min &#8230;&#8230;&#8230;&#8230;&#8230;&#8230;.. 35\u20ac<\/p>\n\n\n\n<p>45min &#8230;&#8230;&#8230;&#8230;&#8230;&#8230;&#8230; 47\u20ac<\/p>\n\n\n\n<p>60min &#8230;&#8230;&#8230;&#8230;&#8230;&#8230;&#8230; 59\u20ac<\/p>\n<\/div>\n<\/div>\n\n\n\n<div class=\"wp-block-columns is-layout-flex wp-container-core-columns-is-layout-9d6595d7 wp-block-columns-is-layout-flex\">\n<div class=\"wp-block-column is-layout-flow wp-block-column-is-layout-flow\" style=\"flex-basis:100%\">\n<h3 class=\"wp-block-heading\">Purentalihashieronta<\/h3>\n\n\n\n<p>Hieronnan aikana k\u00e4sitell\u00e4\u00e4n ohimoiden, kasvojen, niskan ja kaulan lihaksia, sek\u00e4 rintalihaksia.<\/p>\n\n\n\n<p>30min &#8230;&#8230;&#8230;&#8230;&#8230;&#8230;&#8230; 35\u20ac<\/p>\n<\/div>\n<\/div>\n\n\n\n<div class=\"wp-block-columns is-layout-flex wp-container-core-columns-is-layout-9d6595d7 wp-block-columns-is-layout-flex\">\n<div class=\"wp-block-column is-layout-flow wp-block-column-is-layout-flow\" style=\"flex-basis:100%\">\n<h3 class=\"wp-block-heading\">P\u00e4\u00e4hieronta<\/h3>\n\n\n\n<p>Hieronnan aikana k\u00e4sitell\u00e4\u00e4n p\u00e4\u00e4n, kasvojen ja niskan lihaksia. <\/p>\n\n\n\n<p>30min &#8230;&#8230;&#8230;&#8230;&#8230;&#8230;&#8230; 35\u20ac<\/p>\n<\/div>\n<\/div>\n\n\n\n<div class=\"wp-block-columns is-layout-flex wp-container-core-columns-is-layout-9d6595d7 wp-block-columns-is-layout-flex\">\n<div class=\"wp-block-column is-layout-flow wp-block-column-is-layout-flow\" style=\"flex-basis:100%\">\n<h3 class=\"wp-block-heading\">Rentouttava jalkahieronta<\/h3>\n\n\n\n<p>Hieronnan aikana k\u00e4sitell\u00e4\u00e4n jalkapohjien, jalkap\u00f6ytien ja nilkkojen alueita.<\/p>\n\n\n\n<p>30min &#8230;&#8230;&#8230;&#8230;&#8230;&#8230;&#8230; 35\u20ac<\/p>\n\n\n\n<p>45min &#8230;&#8230;&#8230;&#8230;&#8230;&#8230;&#8230; 47\u20ac<\/p>\n<\/div>\n<\/div>\n\n\n\n<div class=\"wp-block-columns is-layout-flex wp-container-core-columns-is-layout-9d6595d7 wp-block-columns-is-layout-flex\">\n<div class=\"wp-block-column is-layout-flow wp-block-column-is-layout-flow\" style=\"flex-basis:100%\">\n<h3 class=\"wp-block-heading\">Kuumakivihieronta<\/h3>\n\n\n\n<p>45min &#8230;&#8230;&#8230;&#8230;&#8230;&#8230;&#8230; 57\u20ac<\/p>\n\n\n\n<p>60min &#8230;&#8230;&#8230;&#8230;&#8230;&#8230;&#8230; 69\u20ac<\/p>\n\n\n\n<p>75min &#8230;&#8230;&#8230;&#8230;&#8230;&#8230;&#8230; 82\u20ac<\/p>\n\n\n\n<p>90min &#8230;&#8230;&#8230;&#8230;&#8230;&#8230;&#8230; 94\u20ac<\/p>\n\n\n\n<p><\/p>\n<\/div>\n<\/div>\n\n\n\n<p><\/p>\n","protected":false},"excerpt":{"rendered":"<p>Vilkaise my\u00f6s hierontapaketit ja s\u00e4\u00e4st\u00e4 ostamalla useampi hieronta kerralla! Jos mieleesi tulee jotain kysytt\u00e4v\u00e4\u00e4, ota rohkeasti yhteytt\u00e4. Hieronta 30 min &#8230;&#8230;&#8230;&#8230;&#8230;&#8230;.. 35\u20ac 45min &#8230;&#8230;&#8230;&#8230;&#8230;&#8230;&#8230; 47\u20ac 60min &#8230;&#8230;&#8230;&#8230;&#8230;&#8230;&#8230; 59\u20ac 75min &#8230;&#8230;&#8230;&#8230;&#8230;&#8230;&#8230; 72\u20ac 90min &#8230;&#8230;&#8230;&#8230;&#8230;&#8230;&#8230; 84\u20ac Raskausajan hieronta Hieronnassa voi k\u00e4yd\u00e4 koko raskauden ajan. 30 min &#8230;&#8230;&#8230;&#8230;&#8230;&#8230;.. 35\u20ac 45min &#8230;&#8230;&#8230;&#8230;&#8230;&#8230;&#8230; 47\u20ac 60min &#8230;&#8230;&#8230;&#8230;&#8230;&#8230;&#8230; 59\u20ac Purentalihashieronta Hieronnan aikana &hellip; <\/p>\n<p><a class=\"more-link btn\" href=\"https:\/\/www.lotanhierontakeskus.fi\/?page_id=54\">Jatka lukemista<\/a><\/p>\n","protected":false},"author":1,"featured_media":0,"parent":0,"menu_order":0,"comment_status":"closed","ping_status":"closed","template":"","meta":{"_uag_custom_page_level_css":"","footnotes":""},"class_list":["post-54","page","type-page","status-publish","hentry","nodate","item-wrap"],"uagb_featured_image_src":{"full":false,"thumbnail":false,"medium":false,"medium_large":false,"large":false,"1536x1536":false,"2048x2048":false,"graphene_slider":false,"graphene_featured_image":false,"post-thumbnail":false},"uagb_author_info":{"display_name":"Lotta","author_link":"https:\/\/www.lotanhierontakeskus.fi\/?author=1"},"uagb_comment_info":0,"uagb_excerpt":"Vilkaise my\u00f6s hierontapaketit ja s\u00e4\u00e4st\u00e4 ostamalla useampi hieronta kerralla! Jos mieleesi tulee jotain kysytt\u00e4v\u00e4\u00e4, ota rohkeasti yhteytt\u00e4. Hieronta 30 min &#8230;&#8230;&#8230;&#8230;&#8230;&#8230;.. 35\u20ac 45min &#8230;&#8230;&#8230;&#8230;&#8230;&#8230;&#8230; 47\u20ac 60min &#8230;&#8230;&#8230;&#8230;&#8230;&#8230;&#8230; 59\u20ac 75min &#8230;&#8230;&#8230;&#8230;&#8230;&#8230;&#8230; 72\u20ac 90min &#8230;&#8230;&#8230;&#8230;&#8230;&#8230;&#8230; 84\u20ac Raskausajan hieronta Hieronnassa voi k\u00e4yd\u00e4 koko raskauden ajan. 30 min &#8230;&#8230;&#8230;&#8230;&#8230;&#8230;.. 35\u20ac 45min &#8230;&#8230;&#8230;&#8230;&#8230;&#8230;&#8230; 47\u20ac 60min &#8230;&#8230;&#8230;&#8230;&#8230;&#8230;&#8230; 59\u20ac Purentalihashieronta Hieronnan aikana&hellip;","_links":{"self":[{"href":"https:\/\/www.lotanhierontakeskus.fi\/index.php?rest_route=\/wp\/v2\/pages\/54","targetHints":{"allow":["GET"]}}],"collection":[{"href":"https:\/\/www.lotanhierontakeskus.fi\/index.php?rest_route=\/wp\/v2\/pages"}],"about":[{"href":"https:\/\/www.lotanhierontakeskus.fi\/index.php?rest_route=\/wp\/v2\/types\/page"}],"author":[{"embeddable":true,"href":"https:\/\/www.lotanhierontakeskus.fi\/index.php?rest_route=\/wp\/v2\/users\/1"}],"replies":[{"embeddable":true,"href":"https:\/\/www.lotanhierontakeskus.fi\/index.php?rest_route=%2Fwp%2Fv2%2Fcomments&post=54"}],"version-history":[{"count":21,"href":"https:\/\/www.lotanhierontakeskus.fi\/index.php?rest_route=\/wp\/v2\/pages\/54\/revisions"}],"predecessor-version":[{"id":610,"href":"https:\/\/www.lotanhierontakeskus.fi\/index.php?rest_route=\/wp\/v2\/pages\/54\/revisions\/610"}],"wp:attachment":[{"href":"https:\/\/www.lotanhierontakeskus.fi\/index.php?rest_route=%2Fwp%2Fv2%2Fmedia&parent=54"}],"curies":[{"name":"wp","href":"https:\/\/api.w.org\/{rel}","templated":true}]}}