{"id":305,"date":"2021-05-02T15:30:17","date_gmt":"2021-05-02T12:30:17","guid":{"rendered":"https:\/\/www.lotanhierontakeskus.fi\/?page_id=305"},"modified":"2025-08-22T20:05:47","modified_gmt":"2025-08-22T17:05:47","slug":"tervetuloa","status":"publish","type":"page","link":"https:\/\/www.lotanhierontakeskus.fi\/","title":{"rendered":"Tervetuloa!"},"content":{"rendered":"\n<p id=\"block-0d3fa76b-a3e1-4665-aa8f-4619ec93e1d5\">Jos etsit ammattitaitoista hierontaa rennossa ymp\u00e4rist\u00f6ss\u00e4, niin tulit oikeaan paikkaan! <\/p>\n\n\n\n<p id=\"block-0d3fa76b-a3e1-4665-aa8f-4619ec93e1d5\">Palvelen asiakkaitani nelj\u00e4ntoista vuoden kokemuksella ja ty\u00f6st\u00e4ni suuresti nauttien. Kuuntelen aina asiakkaan toiveita ja huomioin jokaisen yksil\u00f6lliset tarpeet.<\/p>\n\n\n\n<p>Viihtyis\u00e4 toimitilani sijaitsee Espoon Mikkel\u00e4ss\u00e4 rauhallisen rivitaloyhti\u00f6n yhteydess\u00e4.<\/p>\n\n\n\n<p id=\"block-0d3fa76b-a3e1-4665-aa8f-4619ec93e1d5\">Olet tervetullut hierontaan ik\u00e4\u00e4n ja sukupuoleen katsomatta, t\u00e4ysin omana itsen\u00e4si!<\/p>\n\n\n\n<p id=\"block-e8339bdd-d61d-47c4-8056-f2a76425f387\">Ajan voit varata Timman kautta ja minulta saat lis\u00e4tietoa puhelimitse tai Whatsappin kautta.<\/p>\n\n\n\n<p>Iloisiin tapaamisiin! \u2600\ufe0f<\/p>\n\n\n\n<p><\/p>\n","protected":false},"excerpt":{"rendered":"<p>Jos etsit ammattitaitoista hierontaa rennossa ymp\u00e4rist\u00f6ss\u00e4, niin tulit oikeaan paikkaan! Palvelen asiakkaitani nelj\u00e4ntoista vuoden kokemuksella ja ty\u00f6st\u00e4ni suuresti nauttien. Kuuntelen aina asiakkaan toiveita ja huomioin jokaisen yksil\u00f6lliset tarpeet. Viihtyis\u00e4 toimitilani sijaitsee Espoon Mikkel\u00e4ss\u00e4 rauhallisen rivitaloyhti\u00f6n yhteydess\u00e4. Olet tervetullut hierontaan ik\u00e4\u00e4n ja sukupuoleen katsomatta, t\u00e4ysin omana itsen\u00e4si! Ajan voit varata Timman kautta ja minulta saat lis\u00e4tietoa &hellip; <\/p>\n<p><a class=\"more-link btn\" href=\"https:\/\/www.lotanhierontakeskus.fi\/\">Jatka lukemista<\/a><\/p>\n","protected":false},"author":1,"featured_media":0,"parent":0,"menu_order":0,"comment_status":"closed","ping_status":"closed","template":"","meta":{"_uag_custom_page_level_css":"","footnotes":""},"class_list":["post-305","page","type-page","status-publish","hentry","nodate","item-wrap"],"uagb_featured_image_src":{"full":false,"thumbnail":false,"medium":false,"medium_large":false,"large":false,"1536x1536":false,"2048x2048":false,"graphene_slider":false,"graphene_featured_image":false,"post-thumbnail":false},"uagb_author_info":{"display_name":"Lotta","author_link":"https:\/\/www.lotanhierontakeskus.fi\/?author=1"},"uagb_comment_info":0,"uagb_excerpt":"Jos etsit ammattitaitoista hierontaa rennossa ymp\u00e4rist\u00f6ss\u00e4, niin tulit oikeaan paikkaan! Palvelen asiakkaitani nelj\u00e4ntoista vuoden kokemuksella ja ty\u00f6st\u00e4ni suuresti nauttien. Kuuntelen aina asiakkaan toiveita ja huomioin jokaisen yksil\u00f6lliset tarpeet. Viihtyis\u00e4 toimitilani sijaitsee Espoon Mikkel\u00e4ss\u00e4 rauhallisen rivitaloyhti\u00f6n yhteydess\u00e4. Olet tervetullut hierontaan ik\u00e4\u00e4n ja sukupuoleen katsomatta, t\u00e4ysin omana itsen\u00e4si! Ajan voit varata Timman kautta ja minulta saat lis\u00e4tietoa&hellip;","_links":{"self":[{"href":"https:\/\/www.lotanhierontakeskus.fi\/index.php?rest_route=\/wp\/v2\/pages\/305","targetHints":{"allow":["GET"]}}],"collection":[{"href":"https:\/\/www.lotanhierontakeskus.fi\/index.php?rest_route=\/wp\/v2\/pages"}],"about":[{"href":"https:\/\/www.lotanhierontakeskus.fi\/index.php?rest_route=\/wp\/v2\/types\/page"}],"author":[{"embeddable":true,"href":"https:\/\/www.lotanhierontakeskus.fi\/index.php?rest_route=\/wp\/v2\/users\/1"}],"replies":[{"embeddable":true,"href":"https:\/\/www.lotanhierontakeskus.fi\/index.php?rest_route=%2Fwp%2Fv2%2Fcomments&post=305"}],"version-history":[{"count":18,"href":"https:\/\/www.lotanhierontakeskus.fi\/index.php?rest_route=\/wp\/v2\/pages\/305\/revisions"}],"predecessor-version":[{"id":594,"href":"https:\/\/www.lotanhierontakeskus.fi\/index.php?rest_route=\/wp\/v2\/pages\/305\/revisions\/594"}],"wp:attachment":[{"href":"https:\/\/www.lotanhierontakeskus.fi\/index.php?rest_route=%2Fwp%2Fv2%2Fmedia&parent=305"}],"curies":[{"name":"wp","href":"https:\/\/api.w.org\/{rel}","templated":true}]}}